{"id":13,"date":"2010-08-05T10:56:03","date_gmt":"2010-08-05T10:56:03","guid":{"rendered":"http:\/\/linienhof.blogsport.de\/der-linienhof\/"},"modified":"2010-08-05T10:56:03","modified_gmt":"2010-08-05T10:56:03","slug":"der-linienhof","status":"publish","type":"page","link":"https:\/\/linienhof.noblogs.org\/?page_id=13","title":{"rendered":"Linienhof"},"content":{"rendered":"<p>Der Li\u00adni\u00aden\u00adhof be\u00adfand sich bis 2011 auf einem Ge\u00adl\u00e4n\u00adde in der Klei\u00adnen Ro\u00adsentha\u00adler\u00adstr.9 in Ber\u00adlin Mitte, das im Jahre 1991 be\u00adsetzt wurde. Im Laufe der Zeit ist es von vielen Grup\u00adpen und In\u00aditia\u00adti\u00adven zu ver\u00adschie\u00adde\u00adnen Zwe\u00adcken ge\u00adnutzt wor\u00adden. In den letz\u00adten Jah\u00adren war es in ers\u00adter Linie ein of\u00adfe\u00adnes Werk\u00adstatt\u00adpro\u00adjekt, des\u00adsen Me\u00adtall-\u200b und an\u00adde\u00adre Werk\u00adst\u00e4t\u00adten, Schmie\u00adde, Au\u00adto\u00adselbst\u00adhil\u00adfe usw. un\u00adkom\u00admer\u00adzi\u00adell zur Ver\u00adf\u00fc\u00adgung stan\u00adden.<br \/>\nEnde 2011 konn\u00adte sich das Pro\u00adjekt nach lan\u00adgem Wi\u00adder\u00adstand nicht gegen wech\u00adseln\u00adde Ei\u00adgen\u00adt\u00fc\u00adme\u00adr\/-in\u00adnen und einen ge\u00adplan\u00adten Neu\u00adbau durch\u00adset\u00adzen und mu\u00dfte das \u00fcber 20 Jahre lang be\u00adsetz\u00adte Ge\u00adl\u00e4n\u00adde ver\u00adlas\u00adsen.<\/p>\n<p>Auf dem neu\u00adge\u00adgr\u00fcn\u00adde\u00adten Pro\u00adjektplatz KTS13 (in der Karp\u00adfen\u00adteich\u00adstr 13\/14 Berlin Treptow) konn\u00adte die offene Metallwerkstatt einen neuen tol\u00adlen Platz fin\u00adden und nach lan\u00adger, auf\u00adw\u00e4ndiger und immer noch w\u00e4hrender Bau\u00adpha\u00adse konn\u00adte im April 2013 die neue Werk\u00adstatt ein\u00adge\u00adweiht wer\u00adden.<\/p>\n<p>Jetzt wird wie\u00adder <strong>ge\u00admein\u00adsam<\/strong> ge\u00adbas\u00adtelt, re\u00adpa\u00adriert, ge\u00adbaut, ge\u00adlacht, ge\u00adtratscht, ge\u00adwer\u00adkelt, auch mal ge\u00adtrun\u00adken und ge\u00adtanzt, ge\u00adschweisst und ge\u00adschwitzt, ge\u00adflext, ge\u00adfeixt, ge\u00adgrillt, ge\u00adprobt und ge\u00adspielt, rum\u00adge\u00adspon\u00adnen, ge\u00adschraubt, ge\u00adar\u00adbei\u00adtet, ge\u00admalt, ge\u00adlebt, er\u00adfun\u00adden, dis\u00adku\u00adtiert, in\u00adstand\u00adge\u00adhal\u00adten, ge\u00adschmie\u00addet und sonst noch was\u2026<\/p>\n<p>Und das alles voll\u00adkom\u00admen selbst\u00adver\u00adwal\u00adtet, gleich\u00adbe\u00adrech\u00adtigt, un\u00adb\u00fc\u00adro\u00adkra\u00adtisch und un\u00adab\u00adh\u00e4n\u00adgig!<\/p>\n<p>Nach Ab\u00adspra\u00adche k\u00f6nnt ihr die Werkstatt gerne nut\u00adzen!!<br \/>\nSchaut vor\u00adbei oder schreibt ne Mail!<\/p>\n<p><strong>Freitags offene Werkstatt von 15 &#8211; 19 Uhr bei Temperaturen \u00fcber 10\u00b0C. Bringt zum \u00dcben Stahl- und Aluschrott mit, den gibtz \u00fcberall zu finden oder fragt in Schlossereien!<br \/>\n<\/strong><\/p>\n<p><strong>Wir leben von Spenden und Soliparties, also unterst\u00fctzt uns: kommt vorbei zum Schwei\u00dfen oder Feiern damit wir weiterhin Material und Miete zahlen k\u00f6nnen!<\/strong><\/p>\n","protected":false},"excerpt":{"rendered":"<p>Der Li\u00adni\u00aden\u00adhof be\u00adfand sich bis 2011 auf einem Ge\u00adl\u00e4n\u00adde in der Klei\u00adnen Ro\u00adsentha\u00adler\u00adstr.9 in Ber\u00adlin Mitte, das im Jahre 1991 be\u00adsetzt wurde. Im Laufe der Zeit ist es von vielen Grup\u00adpen und In\u00aditia\u00adti\u00adven zu ver\u00adschie\u00adde\u00adnen Zwe\u00adcken ge\u00adnutzt wor\u00adden. In den &hellip; <a href=\"https:\/\/linienhof.noblogs.org\/?page_id=13\">Weiterlesen <span class=\"meta-nav\">&rarr;<\/span><\/a><\/p>\n","protected":false},"author":20737,"featured_media":0,"parent":0,"menu_order":0,"comment_status":"open","ping_status":"closed","template":"","meta":{"footnotes":""},"class_list":["post-13","page","type-page","status-publish","hentry"],"_links":{"self":[{"href":"https:\/\/linienhof.noblogs.org\/index.php?rest_route=\/wp\/v2\/pages\/13","targetHints":{"allow":["GET"]}}],"collection":[{"href":"https:\/\/linienhof.noblogs.org\/index.php?rest_route=\/wp\/v2\/pages"}],"about":[{"href":"https:\/\/linienhof.noblogs.org\/index.php?rest_route=\/wp\/v2\/types\/page"}],"author":[{"embeddable":true,"href":"https:\/\/linienhof.noblogs.org\/index.php?rest_route=\/wp\/v2\/users\/20737"}],"replies":[{"embeddable":true,"href":"https:\/\/linienhof.noblogs.org\/index.php?rest_route=%2Fwp%2Fv2%2Fcomments&post=13"}],"version-history":[{"count":0,"href":"https:\/\/linienhof.noblogs.org\/index.php?rest_route=\/wp\/v2\/pages\/13\/revisions"}],"wp:attachment":[{"href":"https:\/\/linienhof.noblogs.org\/index.php?rest_route=%2Fwp%2Fv2%2Fmedia&parent=13"}],"curies":[{"name":"wp","href":"https:\/\/api.w.org\/{rel}","templated":true}]}}